{"id":238,"date":"2019-02-20T14:20:12","date_gmt":"2019-02-20T13:20:12","guid":{"rendered":"http:\/\/nanninga.myds.me\/testcompass\/?page_id=238"},"modified":"2024-01-09T09:41:58","modified_gmt":"2024-01-09T08:41:58","slug":"faq","status":"publish","type":"page","link":"https:\/\/compass-bildung.de\/bildung\/faq\/","title":{"rendered":"FAQ"},"content":{"rendered":"<p><span style=\"color: #0000ff;\"><strong><span style=\"font-family: verdana, geneva, sans-serif; font-size: 14pt;\">FAQ &#8211; H\u00e4ufig gestellte Fragen<\/span><\/strong><\/span><\/p>\n<p><span style=\"font-family: verdana, geneva, sans-serif; color: #0000ff;\"><strong>Wo finden die Weiterbildungsangebote statt?<\/strong><\/span><\/p>\n<p><span style=\"font-family: verdana, geneva, sans-serif;\">Der Schulungsstandort von Compass-Bildung befindet sich direkt in der Emder Innenstadt, Postanschrift ist Osterstr. 38-46.<br \/>\n<\/span><span style=\"font-family: verdana, geneva, sans-serif;\"> Die Einfahrt und der Eingang sind jedoch zu erreichen gegen\u00fcber der Br\u00fcckstr. 42 (Reiseb\u00fcro), 26725 Emden &#8211; direkt unter dem Fernsehturm von Emden.<br \/>\n<\/span><\/p>\n<p><span style=\"font-family: verdana, geneva, sans-serif; color: #0000ff;\"><strong>Sind dort Parkpl\u00e4tze vorhanden?<\/strong><\/span><\/p>\n<p><span style=\"font-family: verdana, geneva, sans-serif;\">Ja. Direkt vor dem Geb\u00e4ude (Eingang) sind ausreichend kostenlose Parkpl\u00e4tze vorhanden. Geparkt wird quasi direkt unter dem Fernsehturm von Emden.<\/span><\/p>\n<p><span style=\"font-family: verdana, geneva, sans-serif; color: #0000ff;\"><strong>Kann ich mich als Interessent vormerken lassen?<\/strong><\/span><\/p>\n<p><span style=\"font-family: verdana, geneva, sans-serif;\">Ja. Wenn Sie konkretes Interesse haben, dann k\u00f6nnen Sie sich unverbindlich als Interessent aufnehmen lassen. Viele Kurse k\u00f6nnen nur durchgef\u00fchrt werden, wenn eine Mindestteilnehmerzahl erreicht wird. Um hier besser planen zu k\u00f6nnen sind f\u00fcr uns Informationen \u00fcber Interessenten besonders wichtig. Geben Sie uns hierzu also gerne eine Information.<br \/>\n<\/span><\/p>\n<p><span style=\"font-family: verdana, geneva, sans-serif; color: #0000ff;\"><strong>Sind die Abschl\u00fcsse der Weiterbildungen anerkannt?<\/strong><\/span><\/p>\n<p><span style=\"font-family: verdana, geneva, sans-serif;\">Ja. Alle Vorbereitungslehrg\u00e4nge von Compass-Bildung bereiten auf Abschlusspr\u00fcfungen der zust\u00e4ndigen Stelle (IHK) vor. Dadurch f\u00fchren die Weiterbildungen alle zu bundesweit anerkannten Abschl\u00fcssen.<\/span><\/p>\n<p><span style=\"font-family: verdana, geneva, sans-serif; color: #0000ff;\"><strong>Werden Lehrgangs- und Pr\u00fcfungsgeb\u00fchren gef\u00f6rdert?<\/strong><\/span><\/p>\n<p><span style=\"font-family: verdana, geneva, sans-serif;\">Dies muss im Einzelfall gepr\u00fcft werden. Die Kosten f\u00fcr die Vorbereitungskurse auf den Industriemeister, Logistikmeister sowie auf den Technischen Betriebswirten k\u00f6nnen durch den anerkannten Abschluss (mit Pr\u00fcfung vor der IHK) durch das sogenannte \u201eMeister-BAf\u00f6G\u201c (AFBG) komplett gef\u00f6rdert werden (100 % der Kosten), wobei nach erfolgreichem Abschluss der Weiterbildung bis zu 75 % dieser Kosten als <strong>Zuschuss<\/strong> (nicht zur\u00fcckzuzahlen) und lediglich 25 % als Darlehen gew\u00e4hrt werden. Das Darlehen ist 4 Jahre nach Beantragung der Ma\u00dfnahme an den Kreditgeber (KfW) zur\u00fcckzuzahlen. Wir unterst\u00fctzen Sie gerne bei der Beantragung der F\u00f6rdermittel. Zus\u00e4tzlich k\u00f6nnen Absolventen eine Bildungspr\u00e4mie f\u00fcr den Meisterbrief bei der NBank i.H.v. 1.000,&#8211; \u20ac beantragen (nach erfolgreichem Abschluss der Weiterbildung \/ z. Z. bis zum 31.10.2024 &#8211; wurde bisher j\u00e4hrlich verl\u00e4ngert). Die staatlichen F\u00f6rderprogramme f\u00fcr den Meister waren noch nie so hoch wie zur Zeit!<br \/>\n<\/span><\/p>\n<p><span style=\"font-family: verdana, geneva, sans-serif; color: #0000ff;\"><strong>Wie melde ich mich f\u00fcr einen Kurs an?<\/strong><\/span><\/p>\n<p><span style=\"font-family: verdana, geneva, sans-serif;\"><strong>Anruf gen\u00fcgt!<\/strong> Bei Interesse an einer Weiterbildung bei Compass-Bildung kontaktieren Sie uns gerne telefonisch oder WhatsApp (0176 \u2013 23272139) oder via E-Mail (Kontakt-Formular oder <a href=\"mailto:info@compass-bildung.de\">info@compass-bildung.de<\/a>). Wir werden Ihnen ein Anmeldeformular umgehend zusenden.<\/span><\/p>\n<p><span style=\"font-family: verdana, geneva, sans-serif; color: #0000ff;\"><strong>Welchen Schwerpunkt kann ich im Meisterkurs w\u00e4hlen?<\/strong><\/span><\/p>\n<p><span style=\"font-family: verdana, geneva, sans-serif;\">Grunds\u00e4tzlich bieten wir aktuell den Industriemeister mit den Schwerpunkten \u201eMetall\u201c und \u201eElektrotechnik\u201c sowie den Logistikmeister an. Diese Weiterbildungen k\u00f6nnen Sie bei Compass-Bildung schichtbegleitend in 2 Jahren absolvieren. Ob weitere Schwerpunkte hinzukommen, m\u00fcsste im pers\u00f6nlichen Gespr\u00e4ch gekl\u00e4rt werden. Dies h\u00e4ngt von der Nachfrage ab.<\/span><\/p>\n<p><span style=\"color: #0000ff;\"><strong>Wo finde ich etwas \u00fcber die Rechte &amp; Pflichten w\u00e4hrend der Weiterbildung zum Meister \/ die AGB\u00b4s von Compass-Bildung?<br \/>\n<\/strong><\/span><\/p>\n<p>Die nachfolgenden <strong>AGBs<\/strong> gelten f\u00fcr alle Gesch\u00e4ftsbeziehungen der Lehrgangsteilnahme bei <strong>Compass-Bildung<\/strong> (CB = Veranstalter). Ma\u00dfgeblich ist die zum Zeitpunkt des Vertragsabschlusses g\u00fcltige Fassung. Abweichende AGBs werden nicht Vertragsbestandteil, es sei denn, ihrer Geltung wird vorab ausdr\u00fccklich und schriftlich zugestimmt. Ziel der Lehrg\u00e4nge von Compass-Bildung ist die Vorbereitung von Teilnehmern (TN = m\/w\/d) auf die staatlich anerkannte Pr\u00fcfung vor der Kammer, d. h. die Lehrg\u00e4nge selbst f\u00fchren nicht automatisch zu einem Abschluss. Diese m\u00fcssen vom TN nach der jeweils g\u00fcltigen Pr\u00fcfungsordnung abgelegt werden. Die Pr\u00fcfungsgeb\u00fchren daf\u00fcr sind vom TN zus\u00e4tzlich an die Kammer zu entrichten. Der Lehrgang endet mit Zeitablauf oder vorzeitig durch erfolgreiches Bestehen der Abschlusspr\u00fcfung. Sollten einzelne Lehrgangs-bestandteile durch den TN in einem nachfolgenden Lehrgang wiederholt werden m\u00fcssen, kann er das zu reduzierten anteiligen Kosten beantragen (50% Rabatt).<\/p>\n<p>Die Lehrgangsteilnahme ist ein <strong><u>Zeit-Vertrag auf Gegenseitigkeit<\/u><\/strong>, d. h. CB verpflichtet sich zur ordnungsm\u00e4\u00dfigen Vermittlung der Inhalte, z. B.\u00a0 in Anlehnung an die DIHK-Rahmenlehrpl\u00e4ne innerhalb der vertraglich vereinbarten Laufzeit. Der TN verpflichtet sich unverz\u00fcglich nach Erhalt der Rechnung zur Zahlung der Lehrgangsgeb\u00fchren sowie zur regelm\u00e4\u00dfigen Teilnahme am Lehrgang (mindestens 80% Pr\u00e4senzunterricht und Blockunterricht \/ bis zu 20% Selbstlernphasen) und Nacharbeit der entsprechenden Inhalte (Lernpflicht). Unterschreitet der TN seine Anwesenheitspflicht um mehr als 20% oder unterl\u00e4sst der TN seine Lernpflicht (l\u00e4nger als 20% der Kursdauer) kann der Veranstalter den Vertrag ohne R\u00fcckerstattungspflichten fristlos aufl\u00f6sen. Kommt der TN in Zahlungsverzug kann er vor\u00fcbergehend vom Unterricht ausgeschlossen werden, bis er seiner Zahlungsverpflichtung nachgekommen ist. Ist der TN bei vorher vereinbarter Ratenzahlung mit mehr als 2 Monatsraten in R\u00fcckstand kann der Veranstalter die Weiterbildung (WBI) fristlos aufk\u00fcndigen. In diesem Fall, wie auch bei Abbruch des Lehrgangs durch den TN selbst, wird der ggf. noch offene Restbetrag sofort zur Zahlung f\u00e4llig und in Rechnung gestellt. R\u00fcckerstattungspflichten bestehen keine. S\u00e4mtliche Unterlagen, die dem TN im Laufe der WBI leihweise zur Verf\u00fcgung gestellt werden (Dropbox) bleiben Eigentum des Veranstalters. Diese d\u00fcrfen weder ver\u00f6ffentlicht noch an Dritte weitergegeben werden. Diese dienen ausschlie\u00dflich dem TN zur Unter-st\u00fctzung w\u00e4hrend der Lehrgangsdauer zur Erreichung seines Abschlusses. Zuwiderhandlungen f\u00fchren zur fristlosen K\u00fcndigung der WBI und ggf. zu Schadenersatzanspr\u00fcchen.<\/p>\n<p>Nach der Anmeldung zum AdA-Vorbereitungslehrgang erfolgt die Rechnungsstellung, die vor Beginn des Lehrgangs beglichen werden muss. Die Teilnahme an einer WBI kann innerhalb von 14 Tagen nach verbindlicher schriftlicher Anmeldung kostenfrei widerrufen werden (Widerrufsrecht). Der Widerruf muss schriftlich erfolgen. Beim sp\u00e4teren R\u00fccktritt verfallen bereits gezahlte Anzahlungen \/ Anmeldegeb\u00fchren. Nach Anmeldung zum Meisterlehrgang wird eine Anmeldegeb\u00fchr i.H.v. 250,&#8211; \u20ac f\u00e4llig. Der Restbetrag wird unmittelbar nach Gew\u00e4hrung (Auszahlung) der sog. Aufstiegsf\u00f6rderung f\u00e4llig. Diese erfolgt anteilig als Zuschuss durch die NBank (50%) sowie einem Darlehen durch die KfW (50%). F\u00fcr die Beantragung der F\u00f6rdermittel ist der Teilnehmer verantwortlich. Compass-Bildung kann bei der Beantragung der Aufstiegsf\u00f6rderung unterst\u00fctzen. Bei Meisterlehrg\u00e4ngen besteht die Zahlungsverpflichtung bei Abbruch der WBI w\u00e4hrend der Laufzeit in voller H\u00f6he. Erfolgt die Teilnahme in jedem regul\u00e4r geplanten Pr\u00fcfungsschritt erfolgreich (Bestehen der Erstversuche ohne Nachpr\u00fcfung) und der TN schlie\u00dft die Weiterbildung fristgerecht in der Laufzeit erfolgreich ab, kann er eine Beitragsr\u00fcckerstattung (= Erfolgspr\u00e4mie) i.H.v. 500,&#8211; \u20ac beim Veranstalter schriftlich beantragen. Der Nachweis ist von ihm zu erbringen. Die IHK legt die Zulassungsvoraussetzungen durch Pr\u00fcfungsordnungen fest. Der TN muss dort beurteilen lassen, ob er die Pr\u00fcfungsvoraussetzungen erf\u00fcllt. Zudem m\u00fcssen die Anmeldungen zur Pr\u00fcfung bei der IHK rechtzeitig durch den TN vorgenommen werden.<\/p>\n<p>Sollten Einzelbestimmungen dieses Vertrages oder Teile davon nichtig oder unwirksam sein, so wird die G\u00fcltigkeit der \u00fcbrigen Bestimmungen davon nicht ber\u00fchrt. Ung\u00fcltige Bestimmungen sind so umzudeuten \/ zu erg\u00e4nzen, dass der damit beabsichtigte wirtschaftliche und rechtliche Zweck im Rahmen der gesetzlichen Zul\u00e4ssigkeit erreicht wird. Erf\u00fcllungsort und Gerichtsstand ist Emden. Die Parteien verpflichten sich zur Mediation und sollte diese nicht helfen zur Einschaltung eines Schiedsgerichts. Das gerichtliche Mahnverfahren bleibt hiervon unber\u00fchrt. Alle im Zuge dieses Lehrgangs erhobenen personenbezogenen Daten werden entsprechend der gesetzlichen Vorgaben f\u00fcr 3 Jahre nach Abschluss des Lehrgangs zum Zweck der weiteren Korrespondenz elektronisch gespeichert. Dies kann der TN jederzeit schriftlich widerrufen. Ver\u00f6ffentlichungen von Bildmaterial sowie Feedback zum Lehrgang zu Werbezwecken stimmt der TN ausdr\u00fccklich zu. Eine Weitergabe im Rahmen der Lehrgangsabwicklung an Dritte (z. B. IHK, NBank, KfW) ist ausdr\u00fccklich gestattet.\u00a0\u00a0\u00a0\u00a0\u00a0\u00a0\u00a0\u00a0\u00a0\u00a0\u00a0\u00a0\u00a0\u00a0\u00a0\u00a0\u00a0\u00a0\u00a0\u00a0\u00a0\u00a0\u00a0\u00a0\u00a0\u00a0\u00a0\u00a0\u00a0\u00a0\u00a0\u00a0\u00a0\u00a0\u00a0\u00a0\u00a0\u00a0\u00a0\u00a0\u00a0\u00a0\u00a0\u00a0\u00a0\u00a0\u00a0\u00a0\u00a0\u00a0\u00a0\u00a0\u00a0\u00a0\u00a0\u00a0\u00a0\u00a0\u00a0\u00a0\u00a0\u00a0\u00a0\u00a0\u00a0\u00a0\u00a0\u00a0\u00a0\u00a0\u00a0\u00a0\u00a0\u00a0\u00a0\u00a0\u00a0\u00a0\u00a0\u00a0\u00a0\u00a0\u00a0\u00a0\u00a0\u00a0\u00a0\u00a0\u00a0\u00a0\u00a0\u00a0\u00a0\u00a0\u00a0\u00a0\u00a0\u00a0\u00a0\u00a0\u00a0\u00a0\u00a0\u00a0\u00a0\u00a0\u00a0\u00a0\u00a0\u00a0\u00a0\u00a0\u00a0\u00a0\u00a0\u00a0\u00a0\u00a0\u00a0\u00a0\u00a0\u00a0\u00a0\u00a0\u00a0\u00a0 \u00a0\u00a0\u00a0\u00a0\u00a0\u00a0\u00a0\u00a0\u00a0\u00a0\u00a0\u00a0\u00a0\u00a0\u00a0\u00a0\u00a0\u00a0\u00a0\u00a0\u00a0\u00a0\u00a0\u00a0\u00a0\u00a0\u00a0\u00a0\u00a0\u00a0\u00a0\u00a0\u00a0\u00a0\u00a0\u00a0\u00a0\u00a0\u00a0\u00a0\u00a0\u00a0\u00a0\u00a0\u00a0\u00a0\u00a0\u00a0\u00a0\u00a0\u00a0\u00a0\u00a0\u00a0\u00a0\u00a0\u00a0\u00a0\u00a0\u00a0\u00a0\u00a0 \u00a0\u00a0\u00a0\u00a0\u00a0\u00a0\u00a0\u00a0\u00a0\u00a0\u00a0\u00a0\u00a0\u00a0\u00a0\u00a0\u00a0\u00a0\u00a0\u00a0\u00a0\u00a0\u00a0\u00a0\u00a0\u00a0\u00a0\u00a0\u00a0\u00a0 Stand: AGB 2024-01<\/p>\n","protected":false},"excerpt":{"rendered":"<p>FAQ &#8211; H\u00e4ufig gestellte Fragen Wo finden die Weiterbildungsangebote statt? Der Schulungsstandort von Compass-Bildung befindet sich direkt in der Emder Innenstadt, Postanschrift ist Osterstr. 38-46. Die Einfahrt und der Eingang sind jedoch zu erreichen gegen\u00fcber der Br\u00fcckstr. 42 (Reiseb\u00fcro), 26725 <span class=\"excerpt-dots\">&hellip;<\/span> <a class=\"more-link\" href=\"https:\/\/compass-bildung.de\/bildung\/faq\/\"><span class=\"more-msg\">Weiterlesen &rarr;<\/span><\/a><\/p>\n","protected":false},"author":3,"featured_media":730,"parent":0,"menu_order":0,"comment_status":"closed","ping_status":"closed","template":"","meta":{"_monsterinsights_skip_tracking":false,"_monsterinsights_sitenote_active":false,"_monsterinsights_sitenote_note":"","_monsterinsights_sitenote_category":0,"footnotes":""},"class_list":["post-238","page","type-page","status-publish","has-post-thumbnail","hentry"],"_links":{"self":[{"href":"https:\/\/compass-bildung.de\/bildung\/wp-json\/wp\/v2\/pages\/238","targetHints":{"allow":["GET"]}}],"collection":[{"href":"https:\/\/compass-bildung.de\/bildung\/wp-json\/wp\/v2\/pages"}],"about":[{"href":"https:\/\/compass-bildung.de\/bildung\/wp-json\/wp\/v2\/types\/page"}],"author":[{"embeddable":true,"href":"https:\/\/compass-bildung.de\/bildung\/wp-json\/wp\/v2\/users\/3"}],"replies":[{"embeddable":true,"href":"https:\/\/compass-bildung.de\/bildung\/wp-json\/wp\/v2\/comments?post=238"}],"version-history":[{"count":17,"href":"https:\/\/compass-bildung.de\/bildung\/wp-json\/wp\/v2\/pages\/238\/revisions"}],"predecessor-version":[{"id":731,"href":"https:\/\/compass-bildung.de\/bildung\/wp-json\/wp\/v2\/pages\/238\/revisions\/731"}],"wp:featuredmedia":[{"embeddable":true,"href":"https:\/\/compass-bildung.de\/bildung\/wp-json\/wp\/v2\/media\/730"}],"wp:attachment":[{"href":"https:\/\/compass-bildung.de\/bildung\/wp-json\/wp\/v2\/media?parent=238"}],"curies":[{"name":"wp","href":"https:\/\/api.w.org\/{rel}","templated":true}]}}