{"id":183,"date":"2019-02-19T22:51:53","date_gmt":"2019-02-19T21:51:53","guid":{"rendered":"http:\/\/nanninga.myds.me\/testcompass\/?page_id=183"},"modified":"2026-05-05T14:10:10","modified_gmt":"2026-05-05T12:10:10","slug":"termine","status":"publish","type":"page","link":"https:\/\/compass-bildung.de\/bildung\/termine\/","title":{"rendered":"Termine"},"content":{"rendered":"<p><span style=\"font-family: verdana, geneva, sans-serif; font-size: 14pt; color: #0000ff;\"><strong>Termine<\/strong><\/span><\/p>\n<p><span style=\"color: #0000ff; font-family: verdana,geneva,sans-serif;\"><strong><span style=\"font-size: 14pt;\">Ausbildereignung (AdA)<\/span> <\/strong><\/span><\/p>\n<p><strong>Planung\u00a0 2025 (f\u00fcr den Lehrgang kann Bildungsurlaub in Anspruch genommen werden = 5 Tage):<\/strong><\/p>\n<p><span style=\"color: #ff0000;\"><span style=\"color: #000000;\">AdA2025-07 in KW28\/29\u00a0 (10.07. &#8211; 16.07.2025)<br \/>\n<\/span><\/span><span style=\"color: #ff0000;\"><span style=\"color: #000000;\">AdA2025-09 in KW39\/40\u00a0 (26.09. &#8211; 02.10.2025)<\/span><\/span><\/p>\n<p>AdA2026-04 in KW17\/18\u00a0 (23.04. &#8211; 29.04.2026)<br \/>\nAdA2026-07 in KW28\/29\u00a0 (09.07. &#8211; 15.07.2026)<br \/>\nAdA2026-11 in KW46\/47\u00a0 (11.11. &#8211; 17.11.2026)<\/p>\n<p>Wir haben den 5-t\u00e4gigen Vorbereitungslehrgang (Vollzeitlehrgang in Pr\u00e4senz in Emden = Bildungsurlaub) extra \u00fcber ein Wochenende gelegt, damit die Teilnehmer die Inhalte besser nacharbeiten k\u00f6nnen. Das f\u00fchrt zu noch besseren Ergebnissen in der Pr\u00fcfung. Eine Teilnahme ist deutschlandweit auch im Livestream online m\u00f6glich (unsere hybride Lernumgebung verbindet Pr\u00e4senz und Online miteinander&#8230;). Die Ausbilderlehrg\u00e4nge werden auch firmenintern als Inhouse-Seminar angeboten. Sprechen Sie uns bei Bedarf einfach an.<\/p>\n<p>Ausgew\u00e4hlte AdA-Themen finden Sie zur Wiederholung oder Auffrischung von Wissen auch auf <strong>YouTube<\/strong> unter &#8220;Compass-Bildung, Emden&#8221;. Bei Weiterbildungen, bei denen der schriftliche Teil der Pr\u00fcfung durch die Weiterbildung angerechnet wird, kann man sich bei Compass-Bildung speziell auf die dann noch abzulegende praktische Pr\u00fcfung vorbereiten lassen. Eine gute Vorbereitung tr\u00e4gt h\u00e4ufig entscheidend zum Erfolg bei!<\/p>\n<p><strong><span style=\"color: #0000ff; font-family: verdana, geneva, sans-serif; font-size: 14pt;\">Informationsveranstaltungen Meisterkurse &#8211; Kursstart Herbst 2026<\/span><\/strong><\/p>\n<p><strong>Die n\u00e4chsten Info-Veranstaltungen f\u00fcr den Beginn der n\u00e4chsten Meisterkurse (Metall, Elektrotechnik, Mechatronik und Logistik) finden am Samstag, den 09.05.2026\u00a0<\/strong> von 14:30 &#8211; 15:30 Uhr statt.\u00a0 Weitere Infos zu den Terminen hier auf der Homepage oder Google (Compass-Bildung in Emden) oder durch aktuelle Aush\u00e4nge. Danach folgen noch in regelm\u00e4\u00dfigen Abst\u00e4nden Informationsveranstaltungen (z. B. am 27.06. von 15:45 &#8211; 16:45 Uhr). Nat\u00fcrlich k\u00f6nnen Sie unabh\u00e4ngig davon bei Interesse <strong>jederzeit<\/strong> einen kostenlosen <strong>pers\u00f6nlichen Beratungstermin<\/strong> vereinbaren. Sprechen Sie uns an. Wir freuen uns auf Sie!<\/p>\n<p>Zur Veranstaltung des Lehrgangs muss eine Mindestteilnehmerzahl erreicht werden. Die verf\u00fcgbaren Pl\u00e4tze werden nat\u00fcrlich der Reihenfolge nach vergeben. Schnell sein lohnt sich also auch hier!<\/p>\n<p><strong><span style=\"color: #0000ff; font-size: 14pt;\">Meisterkurse &#8211; Unterrichtsbeginn im November 2026: Industriemeister (Metall, Elektrotechnik, Mechatronik) und Logistikmeister (IHK)<\/span><br \/>\n<\/strong><\/p>\n<p>Die Er\u00f6ffnungsveranstaltungen f\u00fcr den <strong>Meisterkurs 2026<\/strong> finden schichtbegleitend am Dienstag, den 03.11.2026 von 10:30 &#8211; 12:00 Uhr und nachmittags noch einmal von 15:30 &#8211; 17:00 Uhr (jeweils ca. 1,5 h) in 26725 Emden in den R\u00e4umlichkeiten von Compass-Bildung statt (Eingang gegen\u00fcber Br\u00fcckstr. 42 &#8211; direkt beim Fernsehturm &#8211; hier sind auch ausreichend kostenlose Parkm\u00f6glichkeiten vorhanden). Dann werden mit den Teilnehmern alle inhaltlichen und organisatorischen Fragen zum beginnenden Lehrgang besprochen. Ebenfalls werden Literaturhinweise und weitere Empfehlungen abgegeben. Man kann den Meisterkurs auch schon im Abschlussjahr seiner Ausbildung beginnen. Dazu beraten wir gern!<\/p>\n<p>Unterrichtsbeginn ist dann am Donnerstag, den 26.11.2026 (2 * w\u00f6chentlich schichtbegleitend, jeweils Dienstags und Donnerstags von 09:00 &#8211; 12:15 Uhr und alternativ von 15:00 bis 18:15 Uhr). Durch das schichtbegleitende Unterrichtskonzept (der Unterricht wird jeden Tag doppelt angeboten) kann jeder Interessierte am Unterricht in Pr\u00e4senzform teilnehmen. Hinzu kommen k\u00f6nnen ein paar Samstage, die mit den Teilnehmern abgestimmt werden. An Samstagen finden dann jeweils 2 komplette Unterrichtseinheiten statt (08:30 &#8211; 15:30 Uhr).<\/p>\n<p><strong><span style=\"color: #0000ff; font-size: 14pt;\">Technische Betriebswirte (IHK) <\/span><br \/>\n<\/strong><\/p>\n<p>Bei entsprechender Nachfrage bieten wir auch die Weiterbildung zum Technischen Betriebswirten = Master-Niveau an (schichtbegleitend in 2 Jahren). Bei Interesse ist eine Kontaktaufnahme mit uns \u00fcber das Kontaktformular erforderlich. Sobald eine Mindestteilnehmerzahl erreicht ist, bieten wir hierzu auch Informationsveranstaltungen an. Geplanter Kursbeginn w\u00e4re immer im Fr\u00fchjahr des Folgejahres (je nach Nachfrage \/ Mindestteilnehmerzahl erforderlich).<\/p>\n<p>Unabh\u00e4ngig vom Komplettangebot eines Lehrgangs kann man sich f\u00fcr die Weiterbildung zum TBW auch individuelle Unterst\u00fctzung zu einzelnen Pr\u00fcfungsbereichen holen. Unser Angebot umfasst insbesondere Trainings zur Vorbereitung auf schriftliche und m\u00fcndliche Pr\u00fcfungen (Teil A und B) sowie Unterst\u00fctzung bei der Erstellung der Projektarbeit (Teil C).<\/p>\n<p><strong><span style=\"color: #0000ff; font-size: 14pt;\">Training &amp; Coaching &amp; Inhouse-Seminare &amp; Beratung<\/span><br \/>\n<\/strong><\/p>\n<p>Termine sind individuell \/ bei Bedarf zu vereinbaren (1:1 Coaching oder Training in Kleingruppen); auch Pr\u00fcfungsvorbereitung (Einzeltraining) m\u00f6glich, wie z. B. Vorbereitung auf eine m\u00fcndliche Erg\u00e4nzungspr\u00fcfung, eine Wiederholungspr\u00fcfung oder auf das situative Fachgespr\u00e4ch am Ende der Weiterbildung.<\/p>\n<p>Training &amp; Coaching sind auch zu anderen individuellen Themenbereichen m\u00f6glich (Rhetorik, Pr\u00e4sentationstechnik, Verhandlungsf\u00fchrung, Mitarbeiterf\u00fchrung, etc.).<\/p>\n<p><img loading=\"lazy\" decoding=\"async\" class=\"wp-image-382 alignleft\" src=\"https:\/\/compass-bildung.de\/bildung\/wp-content\/uploads\/2019\/03\/Industriemeister-Hell-1024x577.jpg\" alt=\"\" width=\"1256\" height=\"708\" srcset=\"https:\/\/compass-bildung.de\/bildung\/wp-content\/uploads\/2019\/03\/Industriemeister-Hell-1024x577.jpg 1024w, https:\/\/compass-bildung.de\/bildung\/wp-content\/uploads\/2019\/03\/Industriemeister-Hell-300x169.jpg 300w, https:\/\/compass-bildung.de\/bildung\/wp-content\/uploads\/2019\/03\/Industriemeister-Hell-768x433.jpg 768w, https:\/\/compass-bildung.de\/bildung\/wp-content\/uploads\/2019\/03\/Industriemeister-Hell-500x282.jpg 500w, https:\/\/compass-bildung.de\/bildung\/wp-content\/uploads\/2019\/03\/Industriemeister-Hell-800x451.jpg 800w, https:\/\/compass-bildung.de\/bildung\/wp-content\/uploads\/2019\/03\/Industriemeister-Hell-1280x722.jpg 1280w, https:\/\/compass-bildung.de\/bildung\/wp-content\/uploads\/2019\/03\/Industriemeister-Hell-1920x1082.jpg 1920w\" sizes=\"auto, (max-width: 1256px) 100vw, 1256px\" \/><\/p>\n<p><strong><span style=\"color: #0000ff;\">Klausur-Vorbereitungs-Training (KVT)<\/span><br \/>\n<\/strong><\/p>\n<p>Finden als Training f\u00fcr unsere Lehrgangsteilnehmer ca. 4 &#8211; 5 Wochen vor den eigentlichen Klausurterminen bei Compass-Bildung als Unterst\u00fctzung der Vorbereitung auf die IHK-Klausur im November in Vollzeitform statt (Bildungsurlaub m\u00f6glich). Dies bieten wir j\u00e4hrlich f\u00fcr den Teil A und den Teil B getrennt an. Hierzu eine Aussage eines Kursteilnehmers (<strong>Lars, 2019<\/strong>): &#8220;<em>Diese Woche ist absolut wertvoll und eine tolle Hilfestellung zum Bestehen der Pr\u00fcfungen!<\/em>&#8221;<br \/>\nEin KVT (eine Woche Vollzeit) ist nat\u00fcrlich anstrengend. Lernen funktioniert bekanntlich besser, wenn man dabei Spass hat &#8211; dann sind Erfolge vorprogrammiert. Jeder Teilnehmer erf\u00e4hrt durch das KVT, wo er steht und welche Inhalte er ggf. noch einmal nacharbeiten sollte. Eine sinnvolle Unterst\u00fctzung sowohl f\u00fcr den Teil A (erstes Jahr = Basisqualifikation) und den Teil B (zweites Jahr = handlungsspezifische Qualifikation). Dar\u00fcber hinaus erhalten unsere Teilnehmer nach den schriftlichen Klausuren abschlie\u00dfend ein gezieltes Training auf die letzte Pr\u00fcfungsleistung der Meisterqualifikation: das situationsbezogene Fachgespr\u00e4ch. Hier werden zu Trainingszwecken pr\u00fcfungs\u00e4hnliche Fallstudien simuliert.<\/p>\n<p>Auch Teilnehmer von anderen Lehrgangsanbietern sind bei Interesse hierzu herzlich willkommen. Sprechen Sie uns einfach an! Wir unterbreiten Ihnen ein Angebot.<\/p>\n<p><img loading=\"lazy\" decoding=\"async\" class=\"size-full wp-image-607\" src=\"https:\/\/compass-bildung.de\/bildung\/wp-content\/uploads\/2019\/10\/11-KVT.jpg\" alt=\"\" width=\"2876\" height=\"2408\" srcset=\"https:\/\/compass-bildung.de\/bildung\/wp-content\/uploads\/2019\/10\/11-KVT.jpg 2876w, https:\/\/compass-bildung.de\/bildung\/wp-content\/uploads\/2019\/10\/11-KVT-300x251.jpg 300w, https:\/\/compass-bildung.de\/bildung\/wp-content\/uploads\/2019\/10\/11-KVT-768x643.jpg 768w, https:\/\/compass-bildung.de\/bildung\/wp-content\/uploads\/2019\/10\/11-KVT-1024x857.jpg 1024w, https:\/\/compass-bildung.de\/bildung\/wp-content\/uploads\/2019\/10\/11-KVT-500x419.jpg 500w, https:\/\/compass-bildung.de\/bildung\/wp-content\/uploads\/2019\/10\/11-KVT-800x670.jpg 800w, https:\/\/compass-bildung.de\/bildung\/wp-content\/uploads\/2019\/10\/11-KVT-1280x1072.jpg 1280w, https:\/\/compass-bildung.de\/bildung\/wp-content\/uploads\/2019\/10\/11-KVT-1920x1608.jpg 1920w\" sizes=\"auto, (max-width: 2876px) 100vw, 2876px\" \/><\/p>\n","protected":false},"excerpt":{"rendered":"<p>Termine Ausbildereignung (AdA) Planung\u00a0 2025 (f\u00fcr den Lehrgang kann Bildungsurlaub in Anspruch genommen werden = 5 Tage): AdA2025-07 in KW28\/29\u00a0 (10.07. &#8211; 16.07.2025) AdA2025-09 in KW39\/40\u00a0 (26.09. &#8211; 02.10.2025) AdA2026-04 in KW17\/18\u00a0 (23.04. &#8211; 29.04.2026) AdA2026-07 in KW28\/29\u00a0 (09.07. &#8211; <span class=\"excerpt-dots\">&hellip;<\/span> <a class=\"more-link\" href=\"https:\/\/compass-bildung.de\/bildung\/termine\/\"><span class=\"more-msg\">Weiterlesen &rarr;<\/span><\/a><\/p>\n","protected":false},"author":3,"featured_media":0,"parent":0,"menu_order":0,"comment_status":"closed","ping_status":"closed","template":"","meta":{"_monsterinsights_skip_tracking":false,"_monsterinsights_sitenote_active":false,"_monsterinsights_sitenote_note":"","_monsterinsights_sitenote_category":0,"footnotes":""},"class_list":["post-183","page","type-page","status-publish","hentry"],"_links":{"self":[{"href":"https:\/\/compass-bildung.de\/bildung\/wp-json\/wp\/v2\/pages\/183","targetHints":{"allow":["GET"]}}],"collection":[{"href":"https:\/\/compass-bildung.de\/bildung\/wp-json\/wp\/v2\/pages"}],"about":[{"href":"https:\/\/compass-bildung.de\/bildung\/wp-json\/wp\/v2\/types\/page"}],"author":[{"embeddable":true,"href":"https:\/\/compass-bildung.de\/bildung\/wp-json\/wp\/v2\/users\/3"}],"replies":[{"embeddable":true,"href":"https:\/\/compass-bildung.de\/bildung\/wp-json\/wp\/v2\/comments?post=183"}],"version-history":[{"count":49,"href":"https:\/\/compass-bildung.de\/bildung\/wp-json\/wp\/v2\/pages\/183\/revisions"}],"predecessor-version":[{"id":757,"href":"https:\/\/compass-bildung.de\/bildung\/wp-json\/wp\/v2\/pages\/183\/revisions\/757"}],"wp:attachment":[{"href":"https:\/\/compass-bildung.de\/bildung\/wp-json\/wp\/v2\/media?parent=183"}],"curies":[{"name":"wp","href":"https:\/\/api.w.org\/{rel}","templated":true}]}}