{"id":111,"date":"2019-02-19T19:35:00","date_gmt":"2019-02-19T18:35:00","guid":{"rendered":"http:\/\/nanninga.myds.me\/testcompass\/?page_id=111"},"modified":"2019-10-10T20:16:17","modified_gmt":"2019-10-10T18:16:17","slug":"weiterbildung-in-emden","status":"publish","type":"page","link":"https:\/\/compass-bildung.de\/bildung\/compass-bildung\/weiterbildung-in-emden\/","title":{"rendered":"Zukunft durch Bildung"},"content":{"rendered":"<p>&nbsp;<\/p>\n<p style=\"text-align: center;\"><span style=\"color: #0000ff; font-size: 18pt;\"><strong><span style=\"font-family: verdana, geneva, sans-serif;\">Weiterbildung in Emden<\/span><\/strong><\/span><\/p>\n<p><img loading=\"lazy\" decoding=\"async\" class=\"wp-image-598 alignleft\" src=\"https:\/\/compass-bildung.de\/bildung\/wp-content\/uploads\/2019\/10\/1-Gratulation-Christin-web.jpg\" alt=\"\" width=\"539\" height=\"616\" \/><\/p>\n<p>\u201eIch bin endlich fertig mit der Ausbildung \u2013 ich bin <strong>ausgelernt<\/strong>.\u201c Diese Aussage h\u00f6rt man h\u00e4ufig von ehemaligen Auszubildenden direkt nach der Ausbildung. Dann beginnen sie ihre Erfahrungen im Berufsleben zu vertiefen. Sehr schnell stellen viele dabei fest: \u201eMan lernt nie aus und ist eigentlich nie fertig\u201c. Das ist sogar gut so &#8211; denn lebensbegleitendes Lernen wird von uns erwartet, h\u00e4lt uns flexibel und fit.<\/p>\n<p>\u201eStillstand ist R\u00fcckschritt\u201c, da sich alles um uns herum weiterentwickelt. Machen wir nicht mit, treiben wir zur\u00fcck.\u00a0 \u201eDer Kopf ist doch rund, damit das Denken seine Richtung wechseln kann\u201c \u2013 \u00fcber diesen Ausspruch kann man schmunzeln, doch ein Funke Wahrheit ist auch hier dabei: Alles, was wir heute machen, k\u00f6nnen wir morgen vielleicht noch besser machen. Das, was wir gestern gemacht haben, kann vielleicht morgen schon falsch sein, weil sich in Produktion und Wirtschaft sehr viel und schnell ver\u00e4ndert. Zunehmende Komplexit\u00e4t und Dynamik im Berufsleben fordern u. a. Initiative, Einsatzbereitschaft und Flexibilit\u00e4t von uns.<\/p>\n<p><strong>Sich heute f\u00fcr eine Weiterbildung zu entscheiden sichert die eigene Zukunft<\/strong>, denn durch die eigene Entwicklung tr\u00e4gt jeder einzelne Mitarbeiter zur Entwicklung des eigenen Unternehmens bei. Dies sichert den eigenen Arbeitsplatz und zudem den Bestand des Unternehmens. Somit f\u00fchrt Personalentwicklung im besten Fall zur Organisationsentwicklung \u2013 denn wer, au\u00dfer wir selber, k\u00f6nnte ein Unternehmen weiter entwickeln? Aus diesem Grund lautet einer unserer Slogans &#8220;<span style=\"color: #0000ff;\"><strong>Zukunft durch Bildung<\/strong><\/span>&#8220;!<\/p>\n<p>Um seine Ziele zu erreichen, muss man den ersten Schritt tun. Das Weiterbildungsangebot von <strong><span style=\"color: #0000ff;\">Compass-Bildung<\/span><\/strong> qualifiziert Sie f\u00fcr Ihre weiteren Karriere-Schritte.<\/p>\n<p><span style=\"font-size: 14pt;\"><strong>Ihr Erfolg ist unser Erfolg.<\/strong> Davon leben wir.<\/span><\/p>\n<p>&nbsp;<\/p>\n<p>&nbsp;<\/p>\n<p>&nbsp;<\/p>\n","protected":false},"excerpt":{"rendered":"<p>&nbsp; Weiterbildung in Emden \u201eIch bin endlich fertig mit der Ausbildung \u2013 ich bin ausgelernt.\u201c Diese Aussage h\u00f6rt man h\u00e4ufig von ehemaligen Auszubildenden direkt nach der Ausbildung. Dann beginnen sie ihre Erfahrungen im Berufsleben zu vertiefen. Sehr schnell stellen viele <span class=\"excerpt-dots\">&hellip;<\/span> <a class=\"more-link\" href=\"https:\/\/compass-bildung.de\/bildung\/compass-bildung\/weiterbildung-in-emden\/\"><span class=\"more-msg\">Weiterlesen &rarr;<\/span><\/a><\/p>\n","protected":false},"author":3,"featured_media":0,"parent":434,"menu_order":0,"comment_status":"closed","ping_status":"closed","template":"","meta":{"_monsterinsights_skip_tracking":false,"_monsterinsights_sitenote_active":false,"_monsterinsights_sitenote_note":"","_monsterinsights_sitenote_category":0,"footnotes":""},"class_list":["post-111","page","type-page","status-publish","hentry"],"_links":{"self":[{"href":"https:\/\/compass-bildung.de\/bildung\/wp-json\/wp\/v2\/pages\/111","targetHints":{"allow":["GET"]}}],"collection":[{"href":"https:\/\/compass-bildung.de\/bildung\/wp-json\/wp\/v2\/pages"}],"about":[{"href":"https:\/\/compass-bildung.de\/bildung\/wp-json\/wp\/v2\/types\/page"}],"author":[{"embeddable":true,"href":"https:\/\/compass-bildung.de\/bildung\/wp-json\/wp\/v2\/users\/3"}],"replies":[{"embeddable":true,"href":"https:\/\/compass-bildung.de\/bildung\/wp-json\/wp\/v2\/comments?post=111"}],"version-history":[{"count":27,"href":"https:\/\/compass-bildung.de\/bildung\/wp-json\/wp\/v2\/pages\/111\/revisions"}],"predecessor-version":[{"id":609,"href":"https:\/\/compass-bildung.de\/bildung\/wp-json\/wp\/v2\/pages\/111\/revisions\/609"}],"up":[{"embeddable":true,"href":"https:\/\/compass-bildung.de\/bildung\/wp-json\/wp\/v2\/pages\/434"}],"wp:attachment":[{"href":"https:\/\/compass-bildung.de\/bildung\/wp-json\/wp\/v2\/media?parent=111"}],"curies":[{"name":"wp","href":"https:\/\/api.w.org\/{rel}","templated":true}]}}